66353 (base 15) in base 5?
234143003
What is -201101003 (base 4) in base 9?
-226818
-3044 (base 9) to base 4
-202303
What is 1011010101110101011100 (base 2) in base 6?
143415552
What is 5cab3 (base 13) in base 2?
101001101111111101
Convert 10110000101010000 (base 2) to base 15.
1bbed
What is -45399 (base 11) in base 2?
-10000000010011010
What is 894652 (base 11) in base 3?
2200110111100
-5325612 (base 7) to base 11
-400a66
53d8a8 (base 14) to base 5
1211414011
-258226 (base 12) to base 9
-1137253
What is 2531420 (base 6) in base 10?
136452
Convert -1517533 (base 10) to base 3.
-2212002122221
What is -575865 (base 9) in base 12?
-147b58
What is -31044235 (base 6) in base 8?
-3317277
Convert -3766888 (base 13) to base 8.
-101671522
Convert -168301 (base 13) to base 6.
-20004011
4539b5 (base 13) to base 7
16623241
130320302 (base 5) to base 16
9b336
What is 1131211222 (base 4) in base 10?
383338
10000010111011100101 (base 2) to base 14
dd629
What is -201023210031 (base 4) in base 3?
-121100220120210
What is -321323223 (base 5) in base 11?
-845989
Convert 30250244 (base 7) to base 10.
2516378
What is -212222001202 (base 3) in base 9?
-788052
Convert -12103033203 (base 4) to base 14.
-30dcd5
132561 (base 11) to base 6
4244220
-5265068 (base 10) to base 15
-6e0048
-410034442 (base 5) to base 8
-6211162
a94537 (base 12) to base 4
22032323323
-200001222011221 (base 3) to base 13
-1cb3979
What is -113423 (base 11) in base 7?
-1350230
Convert -12301102 (base 4) to base 14.
-a16a
What is -5ec98 (base 15) in base 6?
-10255442
What is -3b293f (base 16) in base 14?
-72cd79
What is -19894 (base 12) in base 4?
-21022300
Convert -11101221 (base 3) to base 13.
-1600
Convert -1742114 (base 9) to base 12.
-3aaa04
-2311303 (base 4) to base 9
-16857
Convert 7332265 (base 8) to base 15.
286c70
What is -100001011001100010111111 (base 2) in base 16?
-8598bf
What is -12112110211 (base 3) in base 10?
-108967
What is -120122630 (base 7) in base 3?
-111222201012202
-169dcb (base 16) to base 9
-2708154
Convert -21c0bd (base 16) to base 3.
-11011101100000
-6113055 (base 7) to base 11
-456646
What is -29b26 (base 13) in base 15?
-18526
What is -1a5ae (base 15) in base 4?
-110322200
Convert -141bb7 (base 13) to base 11.
-304a51
-6613b (base 13) to base 8
-550677
What is 11a45b (base 12) in base 5?
33144440
-db52 (base 16) to base 9
-85014
Convert 2e151c (base 16) to base 6.
144421432
-2404312 (base 5) to base 13
-17242
Convert 796465 (base 11) to base 12.
51172b
-144451400 (base 6) to base 16
-2e2438
69725 (base 13) to base 10
192353
8b9a79 (base 12) to base 2
1000100001110110111101
What is -a725e (base 16) in base 14?
-13b70a
-3566385 (base 9) to base 12
-792bb8
What is -35ed4 (base 15) in base 5?
-21001344
Convert 10360510 (base 7) to base 13.
251617
What is 2020020122 (base 3) in base 4?
22232033
Convert -1021011331 (base 5) to base 2.
-1000000111000000010001
Convert 566030 (base 8) to base 9.
321631
What is -1791056 (base 10) in base 6?
-102215532
Convert -2331021102 (base 4) to base 16.
-bd252
Convert 3ade8 (base 15) to base 14.
4cb16
Convert 2021112210 (base 3) to base 2.
1010111101000100
What is -1bed9a (base 15) in base 8?
-5155052
Convert 422301214 (base 5) to base 8.
6554507
-1221110010 (base 3) to base 8
-112533
31311020101 (base 4) to base 16
375211
Convert -1000211120020001 (base 3) to base 15.
-14731c1
Convert -11101404214 (base 5) to base 8.
-56233113
What is 23231240 (base 6) in base 11?
451705
Convert 1053c5 (base 13) to base 7.
3153314
1404320 (base 5) to base 7
146463
324203 (base 8) to base 2
11010100010000011
What is 21022 (base 13) in base 11?
40652
-259b786 (base 12) to base 8
-34241626
Convert 620473 (base 11) to base 5.
223334102
What is dfaf7 (base 16) in base 2?
11011111101011110111
What is -13517766 (base 9) in base 12?
-22a4650
What is 567225 (base 8) in base 13?
695c9
What is -41073541 (base 8) in base 11?
-499a443
-1654cc3 (base 13) to base 9
-14505884
Convert -6380370 (base 11) to base 10.
-11230087
-5105354 (base 9) to base 4
-22120012333
Convert 2313341 (base 6) to base 9.
200757
What is 161663316 (base 7) in base 13?
2360778
-107609 (base 11) to base 9
-280634
Convert -1318236 (base 9) to base 13.
-1c3341
Convert 365311 (base 9) to base 15.
45491
-1437669 (base 13) to base 10
-6414144
Convert 7ecd9 (base 16) to base 12.
2106a1
What is 5224500 (base 7) in base 12?
263706
What is 43654 (base 11) in base 15?
13b7c
What is 11211010000220 (base 3) in base 10?
2561001
What is 421312 (base 8) in base 7?
1122046
Convert -79b4 (base 14) to base 8.
-51212
What is 1157732 (base 9) in base 7?
5226542
254ccf (base 16) to base 9
4535185
-111322333212 (base 4) to base 9
-11727840
Convert 234e64 (base 16) to base 6.
121332100
-2201202020 (base 3) to base 9
-81666
What is 32133130 (base 5) in base 16?
422c0
What is 19ab30 (base 13) in base 12?
27552a
What is -7c02c (base 14) in base 2?
-1001001101100111000
2120334 (base 5) to base 15
a8b4
-11232241 (base 5) to base 2
-11000111100110100
-456905 (base 12) to base 14
-20caa1
What is -1b1451 (base 14) in base 5?
-221321444
Convert -23506415 (base 7) to base 12.
-847452
What is 4606 (base 10) in base 6?
33154
-5320212 (base 6) to base 13
-91028
-511324 (base 6) to base 12
-1b544
What is 1746b67 (base 12) in base 4?
102121123333
Convert 16134 (base 9) to base 4.
2230213
-1231124 (base 7) to base 5
-20041001
-1414404210 (base 5) to base 13
-9b61b3
What is 5453150 (base 6) in base 15?
55703
-19cc01 (base 14) to base 4
-3200111001
Convert 222103121 (base 5) to base 15.
143141
Convert -93851 (base 16) to base 2.
-10010011100001010001
111351045 (base 6) to base 7
23210423
What is 101111000100111100 (base 2) in base 13?
699cc
What is 1100021212 (base 3) in base 13?
c071
What is f1de1 (base 16) in base 9?
1768865
-1426007 (base 10) to base 8
-5341127
What is 32210221 (base 5) in base 10?
272561
14413276 (base 9) to base 13
16362a8
Convert 341303001 (base 5) to base 8.
5604567
Convert -12569 (base 16) to base 2.
-10010010101101001
Convert -1033457 (base 11) to base 14.
-3553b9
What is 46e08 (base 15) in base 6?
4501512
Convert 2452112 (base 9) to base 11.
830912
38585048 (base 9) to base 15
19e5572
56829 (base 15) to base 8
1031416
Convert 233304303 (base 5) to base 8.
4056505
Convert 2281e5 (base 15) to base 14.
30c544
Convert 24211733 (base 8) to base 12.
1942b37
Convert -20200013202 (base 4) to base 14.
-4202d4
11014150 (base 6) to base 2
1010000010001110010
What is -21b22 (base 13) in base 6?
-1151210
What is 52b3a1 (base 14) in base 16?
2aad41
1457487 (base 9) to base 4
3010300330
Convert 802506 (base 9) to base 6.
14055353
Convert 1c8145 (base 15) to base 7.
14564423
What is -722a (base 11) in base 14?
-36d1
-2ab306 (base 12) to base 14
-14c03c
Convert -2202110021 (base 4) to base 11.
-414561
What is 25e36 (base 15) in base 5?
12340301
4626a (base 13) to base 5
13042402
-1523884 (base 10) to base 7
-15644545
d92a07 (base 15) to base 14
1530d3d
What is -414375 (base 9) in base 2?
-111100000011100000
-1625c61 (base 14) to base 7
-161135051
Convert 22220012121 (base 3) to base 14.
47b5d
4022400 (base 6) to base 10
189792
Convert 100101101101111 (base 2) to base 9.
28436
Convert -7cc6f1 (base 16) to base 10.
-8177393
What is 134310224 (base 5) in base 2?
10101010010011011100
Convert 35521325 (base 6) to base 11.
6a1707
460051 (base 11) to base 8
2625712
Convert 101000102121000 (base 3) to base 7.
63146355
Convert 9965c6 (base 14) to base 2.
10011110110011101000010
Convert -3342554 (base 6) to base 2.
-101001010010100110
What is -96599 (base 10) in base 5?
-11042344
Convert a22d5 (base 14) to base 12.
1699ab
-5f62 (base 16) to base 11
-17389
Convert 134862 (base 9) to base 12.
3b7a8
166b2 (base 15) to base 13
26c48
-250325223 (base 6) to base 9
-10004136
-4a2f44 (base 16) to base 15
-6607c9
What is 3a1282 (base 12) in base 11?
5a3264
What is -20111310131 (base 4) in base 6?
-114510445
Convert -5566523 (base 9) to base 8.
-13334610
Convert 6598219 (base 10) to base 2.
11001001010111001001011
Convert -43244242 (base 5) to base 10.
-368697
What is -4133313 (base 5) in base 12?
-333b2
-17739721 (base 10) to base 12
-5b36061
12470864 (base 9) to base 5
3032104210
What is 1001000001110001110 (base 2) in base 10?
295822
1d